{"id":406,"date":"2015-04-08T08:49:58","date_gmt":"2015-04-08T06:49:58","guid":{"rendered":"http:\/\/www.feuerwehren-gersfeld.de\/?page_id=406"},"modified":"2023-10-26T07:34:49","modified_gmt":"2023-10-26T05:34:49","slug":"nsu-kettenkrad","status":"publish","type":"page","link":"https:\/\/www.feuerwehren-gersfeld.de\/?page_id=406","title":{"rendered":"NSU Kettenkrad"},"content":{"rendered":"<p>1940 sollte die NSU-Werke AG in Neckarsulm eine leichte Zugmaschine f\u00fcr die Gebirgstruppe der Wehrmacht entwickeln. Die ersten 500 Fahrzeuge wurden zwischen 1940 und 1941 ausgeliefert.<\/p>\n<p>Mit einem 36 PS Opel-Olympia-Motor ging das Kettenkrad 1942 in Vollproduktion. Bis Ende 1942 wurden 1.700 Fahrzeuge an die Truppe ausgeliefert. Mit den Stoewer-Werken (Stettin) wurden 8.345 Fahrzeuge bis1944 gebaut. Urspr\u00fcnglich zum Schleppen leichter Gebirgsgesch\u00fctze, M\u00f6rser, MG 36 und Kabelrollen vorgesehen, wurde das Kettenkrad wegen seiner Gel\u00e4ndetauglichkeit und Vorteilen in Schlamm, Morast und anderen Widrigkeiten bald bei allen Truppenteilen eingesetzt.<\/p>\n<div id=\"attachment_409\" style=\"width: 635px\" class=\"wp-caption aligncenter\"><a href=\"https:\/\/www.feuerwehren-gersfeld.de\/wp-content\/uploads\/Abteilung-Kettenkrad-1948.jpg\" target=\"_blank\" rel=\"noopener noreferrer\"><img loading=\"lazy\" decoding=\"async\" aria-describedby=\"caption-attachment-409\" class=\"wp-image-409 size-large\" src=\"https:\/\/www.feuerwehren-gersfeld.de\/wp-content\/uploads\/Abteilung-Kettenkrad-1948-1024x697.jpg\" alt=\"aktive Feuerwehrm\u00e4nner der Wehr Gersfeld im Jahr 1948 vor dem Kettenkrad\" width=\"625\" height=\"425\" srcset=\"https:\/\/www.feuerwehren-gersfeld.de\/wp-content\/uploads\/Abteilung-Kettenkrad-1948-1024x697.jpg 1024w, https:\/\/www.feuerwehren-gersfeld.de\/wp-content\/uploads\/Abteilung-Kettenkrad-1948-300x204.jpg 300w, https:\/\/www.feuerwehren-gersfeld.de\/wp-content\/uploads\/Abteilung-Kettenkrad-1948-624x425.jpg 624w, https:\/\/www.feuerwehren-gersfeld.de\/wp-content\/uploads\/Abteilung-Kettenkrad-1948.jpg 1331w\" sizes=\"auto, (max-width: 625px) 100vw, 625px\" \/><\/a><p id=\"caption-attachment-409\" class=\"wp-caption-text\">aktive Feuerwehrm\u00e4nner der Wehr Gersfeld im Jahr 1948 vor dem Kettenkrad<\/p><\/div>\n<p>Nach dem Krieg wurde das Kettenkrad in den Dienst der Feuerwehr Gersfeld\/Rh\u00f6n Mitte gestellt. Besondere Verdienste erwarb sich hierbei unser erst k\u00fcrzlich verstorbener Kamerad Edgar Ga\u00df, als er das Kettenkrad vor den anr\u00fcckenden amerikanischen Truppen versteckte. Auch im Feuerwehrdienst machte es sich durch seine \u00fcberdurchschnittliche Gel\u00e4ndeg\u00e4ngigkeit bew\u00e4hrt und half beim Ziehen eines Tragkraftspritzenanh\u00e4ngers (TSA) sowie einer Anh\u00e4ngeleiter (AL18). Im zum Teil sehr schweren Gel\u00e4nde der Rh\u00f6n konnte man so verungl\u00fcckte Segelflieger aus B\u00e4umen retten oder Br\u00e4nde in den nahe gelegenen W\u00e4ldern und Mooren l\u00f6schen. Anfang der 90er Jahre wurde das Kettenkrad in seinen wohl verdienten Ruhestand \u00fcberstellt. Heute wird es nur noch zu Festz\u00fcgen und Oldtimertreffen genutzt und als Traditionsfahrzeug in Ehren gehalten.<\/p>\n<p>&nbsp;<\/p>\n<p><strong>Technische Daten<\/strong><\/p>\n<p><strong>NSU Kettenkrad Typ HK-101 (Sd.Kfz.2)<\/strong><\/p>\n<table>\n<tbody>\n<tr>\n<td width=\"307\">Hersteller:<\/td>\n<td width=\"307\">NSU-Werke (Neckarsulm)<br \/>\nStoewer-Werke (Stettin)<\/td>\n<\/tr>\n<tr>\n<td width=\"307\">Motor:<\/td>\n<td width=\"307\">4 Zylinder Opel-Olympia<\/td>\n<\/tr>\n<tr>\n<td width=\"307\">Leistung:<\/td>\n<td width=\"307\">36 PS<\/td>\n<\/tr>\n<tr>\n<td width=\"307\">Hubraum:<\/td>\n<td width=\"307\">1500 ccm<\/td>\n<\/tr>\n<tr>\n<td width=\"307\">Besatzung:<\/td>\n<td width=\"307\">1:2<\/td>\n<\/tr>\n<tr>\n<td width=\"307\">Gewicht:<\/td>\n<td width=\"307\">1300 Kg<\/td>\n<\/tr>\n<tr>\n<td width=\"307\">Ladekapazit\u00e4t:<\/td>\n<td width=\"307\">325 Kg<\/td>\n<\/tr>\n<tr>\n<td width=\"307\">Schleppverm\u00f6gen:<\/td>\n<td width=\"307\">450 Kg<\/td>\n<\/tr>\n<tr>\n<td width=\"307\">Geschwindigkeit und Verbrauch:<\/td>\n<td width=\"307\">70 Km\/h (Stra\u00dfe) 16l \/ 100 Km<br \/>\n48 Km\/h (Gel\u00e4nde) 22 l \/ 100 Km<\/td>\n<\/tr>\n<tr>\n<td width=\"307\">Tankinhalt:<\/td>\n<td width=\"307\">2 x 21 Liter<\/td>\n<\/tr>\n<tr>\n<td width=\"307\">Abmessungen:<\/td>\n<td width=\"307\">L: 300 cm H: 100 cm B: 120 cm<\/td>\n<\/tr>\n<tr>\n<td width=\"307\">Produktionszahl:<\/td>\n<td width=\"307\">8.345 Fahrzeuge<\/td>\n<\/tr>\n<\/tbody>\n<\/table>\n<p>&nbsp;<\/p>\n<div id=\"attachment_411\" style=\"width: 635px\" class=\"wp-caption aligncenter\"><a href=\"https:\/\/www.feuerwehren-gersfeld.de\/wp-content\/uploads\/Kettenkrad-ohne-Motorabdeckung.jpg\" target=\"_blank\" rel=\"noopener noreferrer\"><img loading=\"lazy\" decoding=\"async\" aria-describedby=\"caption-attachment-411\" class=\"wp-image-411 size-large\" src=\"https:\/\/www.feuerwehren-gersfeld.de\/wp-content\/uploads\/Kettenkrad-ohne-Motorabdeckung-1024x768.jpg\" alt=\"Kettenkrad ohne Motorabdeckung\" width=\"625\" height=\"469\" srcset=\"https:\/\/www.feuerwehren-gersfeld.de\/wp-content\/uploads\/Kettenkrad-ohne-Motorabdeckung-1024x768.jpg 1024w, https:\/\/www.feuerwehren-gersfeld.de\/wp-content\/uploads\/Kettenkrad-ohne-Motorabdeckung-300x225.jpg 300w, https:\/\/www.feuerwehren-gersfeld.de\/wp-content\/uploads\/Kettenkrad-ohne-Motorabdeckung-624x468.jpg 624w, https:\/\/www.feuerwehren-gersfeld.de\/wp-content\/uploads\/Kettenkrad-ohne-Motorabdeckung.jpg 1536w\" sizes=\"auto, (max-width: 625px) 100vw, 625px\" \/><\/a><p id=\"caption-attachment-411\" class=\"wp-caption-text\">Kettenkrad ohne Motorabdeckung<\/p><\/div>\n<div id=\"attachment_413\" style=\"width: 635px\" class=\"wp-caption aligncenter\"><a href=\"https:\/\/www.feuerwehren-gersfeld.de\/wp-content\/uploads\/Kettenkrad-ohne-Motorabdeckung_Bild21.jpg\" target=\"_blank\" rel=\"noopener noreferrer\"><img loading=\"lazy\" decoding=\"async\" aria-describedby=\"caption-attachment-413\" class=\"wp-image-413 size-large\" src=\"https:\/\/www.feuerwehren-gersfeld.de\/wp-content\/uploads\/Kettenkrad-ohne-Motorabdeckung_Bild21-768x1024.jpg\" alt=\"Kettenkrad ohne Motorabdeckung\" width=\"625\" height=\"833\" srcset=\"https:\/\/www.feuerwehren-gersfeld.de\/wp-content\/uploads\/Kettenkrad-ohne-Motorabdeckung_Bild21-768x1024.jpg 768w, https:\/\/www.feuerwehren-gersfeld.de\/wp-content\/uploads\/Kettenkrad-ohne-Motorabdeckung_Bild21-225x300.jpg 225w, https:\/\/www.feuerwehren-gersfeld.de\/wp-content\/uploads\/Kettenkrad-ohne-Motorabdeckung_Bild21-624x832.jpg 624w, https:\/\/www.feuerwehren-gersfeld.de\/wp-content\/uploads\/Kettenkrad-ohne-Motorabdeckung_Bild21.jpg 1152w\" sizes=\"auto, (max-width: 625px) 100vw, 625px\" \/><\/a><p id=\"caption-attachment-413\" class=\"wp-caption-text\">Kettenkrad ohne Motorabdeckung<\/p><\/div>\n<div id=\"attachment_414\" style=\"width: 635px\" class=\"wp-caption aligncenter\"><a href=\"https:\/\/www.feuerwehren-gersfeld.de\/wp-content\/uploads\/Kettenkrad-Originalmotor.jpg\" target=\"_blank\" rel=\"noopener noreferrer\"><img loading=\"lazy\" decoding=\"async\" aria-describedby=\"caption-attachment-414\" class=\"wp-image-414 size-large\" src=\"https:\/\/www.feuerwehren-gersfeld.de\/wp-content\/uploads\/Kettenkrad-Originalmotor-1024x768.jpg\" alt=\"Blick auf den Originalmotor\" width=\"625\" height=\"469\" srcset=\"https:\/\/www.feuerwehren-gersfeld.de\/wp-content\/uploads\/Kettenkrad-Originalmotor-1024x768.jpg 1024w, https:\/\/www.feuerwehren-gersfeld.de\/wp-content\/uploads\/Kettenkrad-Originalmotor-300x225.jpg 300w, https:\/\/www.feuerwehren-gersfeld.de\/wp-content\/uploads\/Kettenkrad-Originalmotor-624x468.jpg 624w, https:\/\/www.feuerwehren-gersfeld.de\/wp-content\/uploads\/Kettenkrad-Originalmotor.jpg 1536w\" sizes=\"auto, (max-width: 625px) 100vw, 625px\" \/><\/a><p id=\"caption-attachment-414\" class=\"wp-caption-text\">Blick auf den Originalmotor<\/p><\/div>\n<div id=\"attachment_415\" style=\"width: 635px\" class=\"wp-caption aligncenter\"><a href=\"https:\/\/www.feuerwehren-gersfeld.de\/wp-content\/uploads\/Blick-auf-den-Originalmotor_Bild2.jpg\" target=\"_blank\" rel=\"noopener noreferrer\"><img loading=\"lazy\" decoding=\"async\" aria-describedby=\"caption-attachment-415\" class=\"wp-image-415 size-large\" src=\"https:\/\/www.feuerwehren-gersfeld.de\/wp-content\/uploads\/Blick-auf-den-Originalmotor_Bild2-768x1024.jpg\" alt=\"Blick auf den Originalmotor\" width=\"625\" height=\"833\" srcset=\"https:\/\/www.feuerwehren-gersfeld.de\/wp-content\/uploads\/Blick-auf-den-Originalmotor_Bild2-768x1024.jpg 768w, https:\/\/www.feuerwehren-gersfeld.de\/wp-content\/uploads\/Blick-auf-den-Originalmotor_Bild2-225x300.jpg 225w, https:\/\/www.feuerwehren-gersfeld.de\/wp-content\/uploads\/Blick-auf-den-Originalmotor_Bild2-624x832.jpg 624w, https:\/\/www.feuerwehren-gersfeld.de\/wp-content\/uploads\/Blick-auf-den-Originalmotor_Bild2.jpg 1152w\" sizes=\"auto, (max-width: 625px) 100vw, 625px\" \/><\/a><p id=\"caption-attachment-415\" class=\"wp-caption-text\">Blick auf den Originalmotor<\/p><\/div>\n<p><strong>Kontakt:<\/strong><\/p>\n<table style=\"height: 152px;\" width=\"491\">\n<tbody>\n<tr>\n<td>Vereinsvorsitzender<\/p>\n<p>Freiwillige Feuerwehr Gersfeld (Rh\u00f6n) e. V.<\/td>\n<td>Beatus Beck<\/td>\n<\/tr>\n<\/tbody>\n<\/table>\n<p>&nbsp;<\/p>\n","protected":false},"excerpt":{"rendered":"<p>1940 sollte die NSU-Werke AG in Neckarsulm eine leichte Zugmaschine f\u00fcr die Gebirgstruppe der Wehrmacht entwickeln. Die ersten 500 Fahrzeuge wurden zwischen 1940 und 1941 ausgeliefert. Mit einem 36 PS Opel-Olympia-Motor ging das Kettenkrad 1942 in Vollproduktion. Bis Ende 1942 wurden 1.700 Fahrzeuge an die Truppe ausgeliefert. Mit den Stoewer-Werken (Stettin) wurden 8.345 Fahrzeuge bis1944 [&hellip;]<\/p>\n","protected":false},"author":2,"featured_media":0,"parent":9,"menu_order":0,"comment_status":"closed","ping_status":"closed","template":"","meta":{"footnotes":""},"class_list":["post-406","page","type-page","status-publish","hentry"],"_links":{"self":[{"href":"https:\/\/www.feuerwehren-gersfeld.de\/index.php?rest_route=\/wp\/v2\/pages\/406","targetHints":{"allow":["GET"]}}],"collection":[{"href":"https:\/\/www.feuerwehren-gersfeld.de\/index.php?rest_route=\/wp\/v2\/pages"}],"about":[{"href":"https:\/\/www.feuerwehren-gersfeld.de\/index.php?rest_route=\/wp\/v2\/types\/page"}],"author":[{"embeddable":true,"href":"https:\/\/www.feuerwehren-gersfeld.de\/index.php?rest_route=\/wp\/v2\/users\/2"}],"replies":[{"embeddable":true,"href":"https:\/\/www.feuerwehren-gersfeld.de\/index.php?rest_route=%2Fwp%2Fv2%2Fcomments&post=406"}],"version-history":[{"count":5,"href":"https:\/\/www.feuerwehren-gersfeld.de\/index.php?rest_route=\/wp\/v2\/pages\/406\/revisions"}],"predecessor-version":[{"id":715,"href":"https:\/\/www.feuerwehren-gersfeld.de\/index.php?rest_route=\/wp\/v2\/pages\/406\/revisions\/715"}],"up":[{"embeddable":true,"href":"https:\/\/www.feuerwehren-gersfeld.de\/index.php?rest_route=\/wp\/v2\/pages\/9"}],"wp:attachment":[{"href":"https:\/\/www.feuerwehren-gersfeld.de\/index.php?rest_route=%2Fwp%2Fv2%2Fmedia&parent=406"}],"curies":[{"name":"wp","href":"https:\/\/api.w.org\/{rel}","templated":true}]}}