{"id":33,"date":"2014-08-16T19:12:19","date_gmt":"2014-08-16T17:12:19","guid":{"rendered":"http:\/\/www.feuerwehren-gersfeld.de\/?page_id=33"},"modified":"2022-11-22T13:26:31","modified_gmt":"2022-11-22T12:26:31","slug":"veranstaltungen","status":"publish","type":"page","link":"https:\/\/www.feuerwehren-gersfeld.de\/?page_id=33","title":{"rendered":"Veranstaltungen"},"content":{"rendered":"<p style=\"text-align: center;\"><span style=\"text-decoration: underline;\"><strong>Umweltaktion der Freiwilligen Feuerwehr Gersfeld<\/strong><\/span><\/p>\n<div id=\"attachment_418\" style=\"width: 635px\" class=\"wp-caption alignnone\"><a href=\"https:\/\/www.feuerwehren-gersfeld.de\/wp-content\/uploads\/Umweltaktion-2015.jpg\" target=\"_blank\" rel=\"noopener\"><img loading=\"lazy\" decoding=\"async\" aria-describedby=\"caption-attachment-418\" class=\"wp-image-418 size-large\" src=\"https:\/\/www.feuerwehren-gersfeld.de\/wp-content\/uploads\/Umweltaktion-2015-1024x681.jpg\" alt=\"Umweltaktion 2015\" width=\"625\" height=\"416\" srcset=\"https:\/\/www.feuerwehren-gersfeld.de\/wp-content\/uploads\/Umweltaktion-2015-1024x681.jpg 1024w, https:\/\/www.feuerwehren-gersfeld.de\/wp-content\/uploads\/Umweltaktion-2015-300x200.jpg 300w, https:\/\/www.feuerwehren-gersfeld.de\/wp-content\/uploads\/Umweltaktion-2015-624x415.jpg 624w\" sizes=\"auto, (max-width: 625px) 100vw, 625px\" \/><\/a><p id=\"caption-attachment-418\" class=\"wp-caption-text\">Gruppenfoto Umweltaktion 2015<\/p><\/div>\n<p>Endlich ist es wieder soweit, der langersehnte Fr\u00fchling ist da. Die Sonne lacht, man trifft sich auf den Stra\u00dfen und die Natur zeigt sich in ihren sch\u00f6nsten Farben. Doch leider hat auch der \u201eWinter\u201c seine Spuren hinterlassen.<\/p>\n<p>Jedes Jahr um diese Jahreszeit treffen sich zahlreiche gro\u00dfe und kleine Helfer der Freiweilligen Feuerwehr Gersfeld um eine Umweltaktion in Gersfeld durchzuf\u00fchren. Vergangenen Samstag, den 25.04.2015 war es wieder soweit. Die Umweltaktion der Freiwilligen Feuerwehr Gersfeld stand auf dem Programm der Jugendfeuerwehr, Einsatzabteilung und der Alters- und Ehrenabteilung. In diesem Jahr waren auch erstmalig alle Gersfelder B\u00fcrger, die Stadt Gersfeld und der Verein \u201eWir f\u00fcr Gersfeld\u201c, sowie die F\u00f6rdervereine der Gersfelder Schwimmb\u00e4der zu dieser Aktion eingeladen und waren mit zahlreichen Helfern erschienen. P\u00fcnktlich um 14:00 Uhr fanden sich bei trockenem Wetter, 69 Helfer am Feuerwehrhof ein.<\/p>\n<p>Nachdem die Routen aufgeteilt und alle Kinder und Jugendlichen mit Warnwesten versorgt waren, ging es mit M\u00fclls\u00e4cken bewaffnet los, denn viel Arbeit wartete auf uns. Alle halfen mit und so f\u00fcllten sich die M\u00fclls\u00e4cke schnell. Auch viele kuriose Dinge wie Autoreifen und einiges mehr fanden wir an den Stra\u00dfenr\u00e4ndern, Gr\u00fcnfl\u00e4chen und Bachl\u00e4ufen der Stadt Gersfeld. Trotzdem ist es sch\u00f6n zu sehen, dass sich die Masse des M\u00fclls im Stadtgebiet von Jahr zu Jahr verringert. Wir hoffen, dass auch weiterhin jeder ein Auge auf eine saubere Landschaft wirft und damit mithilft unsere Stadt sauber zu halten. Um 17:00 Uhr trafen dann auch die letzten wieder am Feuerwehrhaus ein. Nachdem der gesammelte M\u00fcll und Unrat auf einem der Fahrzeuge der Stadt Gersfeld verladen wurde, positionierten wir uns alle um ein Erinnerungsfoto von den zahlreichen Helfern zu machen.<\/p>\n<p>Anschlie\u00dfend lie\u00dfen wir den erfolgreichen Tag bei einem leckeren Essen im Feuerwehrhaus ausklingen.<\/p>\n<p>Die Freiwillige Feuerwehr Gersfeld sowie die Stadt Gersfeld bedanken sich bei allen Helfern und hoffen auch im n\u00e4chsten Jahr auf eine rege Beteiligung.<\/p>\n<p style=\"text-align: center;\">Text: Jonathan Beck; Foto: Andr\u00e9 Nadler<\/p>\n<hr \/>\n<p style=\"text-align: center;\"><strong><span style=\"text-decoration: underline;\">Jugendflammenabnahme \u2013 Voller Erfolg<\/span><\/strong><\/p>\n<div id=\"attachment_182\" style=\"width: 298px\" class=\"wp-caption alignleft\"><a href=\"https:\/\/www.feuerwehren-gersfeld.de\/wp-content\/uploads\/20150314_160708.jpg\"><img loading=\"lazy\" decoding=\"async\" aria-describedby=\"caption-attachment-182\" class=\" wp-image-182\" src=\"https:\/\/www.feuerwehren-gersfeld.de\/wp-content\/uploads\/20150314_160708-300x169.jpg\" alt=\"Gruppenbild JF - Jugendflamme Stufe 1\" width=\"288\" height=\"162\" srcset=\"https:\/\/www.feuerwehren-gersfeld.de\/wp-content\/uploads\/20150314_160708-300x169.jpg 300w, https:\/\/www.feuerwehren-gersfeld.de\/wp-content\/uploads\/20150314_160708-1024x576.jpg 1024w, https:\/\/www.feuerwehren-gersfeld.de\/wp-content\/uploads\/20150314_160708-624x351.jpg 624w\" sizes=\"auto, (max-width: 288px) 100vw, 288px\" \/><\/a><p id=\"caption-attachment-182\" class=\"wp-caption-text\">Gruppenbild JF &#8211; Jugendflamme Stufe 1<\/p><\/div>\n<div id=\"attachment_183\" style=\"width: 254px\" class=\"wp-caption alignright\"><a href=\"https:\/\/www.feuerwehren-gersfeld.de\/wp-content\/uploads\/P1010353.jpg\"><img loading=\"lazy\" decoding=\"async\" aria-describedby=\"caption-attachment-183\" class=\" wp-image-183\" src=\"https:\/\/www.feuerwehren-gersfeld.de\/wp-content\/uploads\/P1010353-300x225.jpg\" alt=\"Die Jugendlichen beim Knoten binden....\" width=\"244\" height=\"184\" srcset=\"https:\/\/www.feuerwehren-gersfeld.de\/wp-content\/uploads\/P1010353-300x225.jpg 300w, https:\/\/www.feuerwehren-gersfeld.de\/wp-content\/uploads\/P1010353.jpg 1024w, https:\/\/www.feuerwehren-gersfeld.de\/wp-content\/uploads\/P1010353-624x468.jpg 624w\" sizes=\"auto, (max-width: 244px) 100vw, 244px\" \/><\/a><p id=\"caption-attachment-183\" class=\"wp-caption-text\">Die Jugendlichen beim Knoten binden&#8230;.<\/p><\/div>\n<div id=\"attachment_184\" style=\"width: 285px\" class=\"wp-caption alignleft\"><a href=\"https:\/\/www.feuerwehren-gersfeld.de\/wp-content\/uploads\/P1010355.jpg\"><img loading=\"lazy\" decoding=\"async\" aria-describedby=\"caption-attachment-184\" class=\" wp-image-184\" src=\"https:\/\/www.feuerwehren-gersfeld.de\/wp-content\/uploads\/P1010355-300x225.jpg\" alt=\"...beim auffinden der Unterflurhydranten....\" width=\"275\" height=\"206\" srcset=\"https:\/\/www.feuerwehren-gersfeld.de\/wp-content\/uploads\/P1010355-300x225.jpg 300w, https:\/\/www.feuerwehren-gersfeld.de\/wp-content\/uploads\/P1010355.jpg 1024w, https:\/\/www.feuerwehren-gersfeld.de\/wp-content\/uploads\/P1010355-624x468.jpg 624w\" sizes=\"auto, (max-width: 275px) 100vw, 275px\" \/><\/a><p id=\"caption-attachment-184\" class=\"wp-caption-text\">&#8230;beim auffinden der Unterflurhydranten&#8230;.<\/p><\/div>\n<div id=\"attachment_185\" style=\"width: 274px\" class=\"wp-caption alignright\"><a href=\"https:\/\/www.feuerwehren-gersfeld.de\/wp-content\/uploads\/P1010358.jpg\"><img loading=\"lazy\" decoding=\"async\" aria-describedby=\"caption-attachment-185\" class=\" wp-image-185\" src=\"https:\/\/www.feuerwehren-gersfeld.de\/wp-content\/uploads\/P1010358-300x225.jpg\" alt=\"...und der Bedienung.\" width=\"264\" height=\"198\" srcset=\"https:\/\/www.feuerwehren-gersfeld.de\/wp-content\/uploads\/P1010358-300x225.jpg 300w, https:\/\/www.feuerwehren-gersfeld.de\/wp-content\/uploads\/P1010358.jpg 1024w, https:\/\/www.feuerwehren-gersfeld.de\/wp-content\/uploads\/P1010358-624x468.jpg 624w\" sizes=\"auto, (max-width: 264px) 100vw, 264px\" \/><\/a><p id=\"caption-attachment-185\" class=\"wp-caption-text\">&#8230;und der Bedienung.<\/p><\/div>\n<div id=\"attachment_186\" style=\"width: 281px\" class=\"wp-caption alignleft\"><a href=\"https:\/\/www.feuerwehren-gersfeld.de\/wp-content\/uploads\/P1010360.jpg\"><img loading=\"lazy\" decoding=\"async\" aria-describedby=\"caption-attachment-186\" class=\"wp-image-186\" src=\"https:\/\/www.feuerwehren-gersfeld.de\/wp-content\/uploads\/P1010360-300x225.jpg\" alt=\"Auch Schl\u00e4uche ausrollen...\" width=\"271\" height=\"203\" srcset=\"https:\/\/www.feuerwehren-gersfeld.de\/wp-content\/uploads\/P1010360-300x225.jpg 300w, https:\/\/www.feuerwehren-gersfeld.de\/wp-content\/uploads\/P1010360.jpg 1024w, https:\/\/www.feuerwehren-gersfeld.de\/wp-content\/uploads\/P1010360-624x468.jpg 624w\" sizes=\"auto, (max-width: 271px) 100vw, 271px\" \/><\/a><p id=\"caption-attachment-186\" class=\"wp-caption-text\">Auch Schl\u00e4uche ausrollen&#8230;<\/p><\/div>\n<div id=\"attachment_187\" style=\"width: 256px\" class=\"wp-caption alignright\"><a href=\"https:\/\/www.feuerwehren-gersfeld.de\/wp-content\/uploads\/P1010368.jpg\"><img loading=\"lazy\" decoding=\"async\" aria-describedby=\"caption-attachment-187\" class=\"wp-image-187\" src=\"https:\/\/www.feuerwehren-gersfeld.de\/wp-content\/uploads\/P1010368-300x225.jpg\" alt=\"Die Handhabung eines Strahlrohres.\" width=\"246\" height=\"185\" srcset=\"https:\/\/www.feuerwehren-gersfeld.de\/wp-content\/uploads\/P1010368-300x225.jpg 300w, https:\/\/www.feuerwehren-gersfeld.de\/wp-content\/uploads\/P1010368.jpg 1024w, https:\/\/www.feuerwehren-gersfeld.de\/wp-content\/uploads\/P1010368-624x468.jpg 624w\" sizes=\"auto, (max-width: 246px) 100vw, 246px\" \/><\/a><p id=\"caption-attachment-187\" class=\"wp-caption-text\">&#8230;und die Handhabung eines Strahlrohres muss man lernen.<\/p><\/div>\n<p>&nbsp;<\/p>\n<p>&nbsp;<\/p>\n<p>&nbsp;<\/p>\n<p>&nbsp;<\/p>\n<p>&nbsp;<\/p>\n<p>&nbsp;<\/p>\n<p>&nbsp;<\/p>\n<p>&nbsp;<\/p>\n<p>&nbsp;<\/p>\n<p>&nbsp;<\/p>\n<p>&nbsp;<\/p>\n<p>&nbsp;<\/p>\n<p>&nbsp;<\/p>\n<p>Die Jugendfeuerwehren der Stadt Gersfeld\/Rh\u00f6n starten in diesem Jahr mit einem besonderen Ereignis wieder durch.<\/p>\n<p>Die Abnahme der &#8222;Jugendflamme Stufe 1\u201c in Gersfeld-Hettenhausen stand am 14.03.2015, nach wochenlanger Vorbereitung und unter der Aufsicht von Stadtjugendfeuerwehrwart Jonathan Beck, auf dem Dienstplan.<\/p>\n<p>Insgesamt nahmen 15 Jugendliche von der Stadtjugendfeuerwehr Gersfeld\/Rh\u00f6n, darunter sieben aus der Kernstadt, f\u00fcnf aus Dalherda, sowie drei Jugendliche aus Hettenhausen, an der Abnahme teil.<\/p>\n<p>Die Jugendflamme ist ein Ausbildungsnachweis in Form eines Abzeichens f\u00fcr Jugendfeuerwehrmitglieder und wird in drei Stufen unterteilt.<\/p>\n<p>Bei der Abnahme der Jugendflamme Stufe 1 m\u00fcssen die Jugendlichen die folgenden F\u00e4higkeiten nachweisen.<br \/>\nSo wurde zum Beispiel die Vorgehensweise beim Absetzen eines Notrufes mit Nennung der Notrufnummern 112 f\u00fcr Rettungsdienst und Feuerwehr, sowie 110 f\u00fcr die Polizei abgefragt.<\/p>\n<p>Anschlie\u00dfend mussten die Jugendlichen Ihr K\u00f6nnen beim Anfertigen von drei verschiedenen Feuerwehrknoten zeigen. Auch galt es den Sinn und Zweck der verschiedenen Knoten zu erl\u00e4utern sowie die Handhabung und Pflege der Leinen beschreiben zu k\u00f6nnen.<\/p>\n<p>Im Anschluss stellten die Jugendlichen ihr erlerntes Wissen im Bereich Feuerwehrtechnik zur Schau.<br \/>\nBeim Schl\u00e4uche ausrollen, beschreiben eines Strahlrohres und Auffinden des Unterflurhydranten anhand der vorgegebenen Beschilderung zeigten alle Jugendlichen hervorragende Leistungen.<\/p>\n<p>Als letztes absolvierten die Jugendlichen eine Aufgabe aus einem sportlichen, kulturellen, musikalischen, kreativen, sozialen oder \u00f6kologischen Bereich.<\/p>\n<p>Die 15 Jugendlichen erreichten alle \u00fcber 100 Punkte und waren soweit \u00fcber der Mindestpunktzahl von 60 Punkten, sodass am Ende des Nachmittages alle Teilnehmer das Abzeichen der \u201eJugendflamme 1\u201c mit strahlenden Gesichtern entgegen nehmen.<br \/>\nHast Du Lust bekommen ein Teil unserer coolen Truppe zu werden und bist mindestens zehn Jahre alt, dann komm\u2019 doch einfach mal bei uns vorbei!!!<\/p>\n<p>Jugendfeuerwehr Gersfeld<br \/>\nWo? Feuerwehrhaus Gersfeld, Berliner Stra\u00dfe 9<br \/>\nWann? freitags 18:30 Uhr<\/p>\n<p>Jugendfeuerwehr Hettenhausen<br \/>\nWo? Feuerwehrhaus Hettenhausen, An den Sportst\u00e4tten<br \/>\nWann? montags 18:00 Uhr<\/p>\n<p>Jugendfeuerwehr Dalherda<br \/>\nWo? Feuerwehrhaus Dalherda, Georg-August-Zinn-Stra\u00dfe 41<br \/>\nWann? freitags 18:00 Uhr.<\/p>\n<p>Ansprechpartner: Stadtjugendfeuerwehrwart Jonathan Beck unter der Mobilfunkrufnummer 0170\/4479279.<\/p>\n<p>&nbsp;<\/p>\n<hr \/>\n<p>&nbsp;<\/p>\n<div id=\"attachment_130\" style=\"width: 635px\" class=\"wp-caption aligncenter\"><a href=\"https:\/\/www.feuerwehren-gersfeld.de\/wp-content\/uploads\/DSC00636.jpg\"><img loading=\"lazy\" decoding=\"async\" aria-describedby=\"caption-attachment-130\" class=\"size-large wp-image-130\" src=\"https:\/\/www.feuerwehren-gersfeld.de\/wp-content\/uploads\/DSC00636-1024x684.jpg\" alt=\"Gruppenbild JF Gersfeld-Kernstadt\" width=\"625\" height=\"417\" srcset=\"https:\/\/www.feuerwehren-gersfeld.de\/wp-content\/uploads\/DSC00636-1024x684.jpg 1024w, https:\/\/www.feuerwehren-gersfeld.de\/wp-content\/uploads\/DSC00636-300x200.jpg 300w, https:\/\/www.feuerwehren-gersfeld.de\/wp-content\/uploads\/DSC00636-624x417.jpg 624w, https:\/\/www.feuerwehren-gersfeld.de\/wp-content\/uploads\/DSC00636.jpg 1616w\" sizes=\"auto, (max-width: 625px) 100vw, 625px\" \/><\/a><p id=\"caption-attachment-130\" class=\"wp-caption-text\">Gruppenbild JF Gersfeld-Kernstadt<\/p><\/div>\n<p>Jugendflammenabnahme \u2013 Voller Erfolg<\/p>\n<p>Die Jugendfeuerwehr Gersfeld-Kernstadt startet in diesem Jahr mit einem besonderen Ereignis wieder durch. Die Abnahme der &#8222;Jugendflamme Stufe 1 (Hessen)&#8220; stand am 11.04.2014, nach wochenlanger Vorbereitung und unter der Aufsicht von Stadtjugendfeuerwehrwart Jonathan Beck, auf dem Dienstplan.<br \/>\nDie Jugendflamme ist ein Ausbildungsnachweis in Form eines Abzeichens f\u00fcr Jugendfeuerwehrmitglieder und wird in drei Stufen unterteilt.<\/p>\n<p>Dabei mussten die Jugendlichen einige F\u00e4higkeiten nachweisen.<br \/>\nUnter anderem mussten sie die Zusammensetzung eines Notrufs (Wer? Wo? Was? Wie viele Verletzte? Art der Verletzungen? Warten auf R\u00fcckfragen!) sowie die Notrufnummern 112 und 110 aufz\u00e4hlen.<br \/>\nAnschlie\u00dfend wurde erwartet, dass sie drei verschiedene Feuerwehrknoten anfertigen, deren Sinn und Zweck erl\u00e4utern und Handhabung und Pflege der Leinen beschreiben k\u00f6nnen.<\/p>\n<p>Im Anschluss stellten die Jugendlichen ihr erlerntes Wissen im Bereich Feuerwehrtechnik zur Schau.<br \/>\nBeim Schl\u00e4uche ausrollen, beschreiben eines Strahlrohres und Auffinden des Unterflurhydranten anhand der vorgegebenen Beschilderung zeigten alle Jugendlichen hervorragende Leistungen.<\/p>\n<p>Als letztes absolvierten die Jugendlichen eine Aufgabe aus einem sportlichen, kulturellen, musikalischen, kreativen, sozialen oder \u00f6kologischen Bereich.<\/p>\n<p>Man musste mindestens 60 Punkte erreichen, um das Abzeichen der \u201eJugendflamme Stufe 1 (Hessen)\u201c zu erhalten, alle 22 Jugendlichen erreichten \u00fcber 100 Punkte und konnten somit die Auszeichnung entgegen nehmen.<\/p>\n<p>Hast Du Lust bekommen ein Teil unserer coolen Truppe zu werden und bist mindestens zehn Jahre alt, dann komm\u2019 doch einfach mal bei uns vorbei!!!<\/p>\n<p>Jugendfeuerwehr Gersfeld<br \/>\nWo? Feuerwehrhaus Gersfeld, Berliner Stra\u00dfe 9<br \/>\nWann? freitags 18:30 Uhr<\/p>\n<p>Jugendfeuerwehr Hettenhausen<br \/>\nWo? Feuerwehrhaus Hettenhausen, Ringstra\u00dfe<br \/>\nWann? montags 18:00 Uhr<\/p>\n<p>Jugendfeuerwehr Dalherda<br \/>\nWo? Feuerwehrhaus Dalherda, Georg-August-Zinn-Stra\u00dfe 41<br \/>\nWann? freitags 18:00 Uhr.<\/p>\n","protected":false},"excerpt":{"rendered":"<p>Umweltaktion der Freiwilligen Feuerwehr Gersfeld Endlich ist es wieder soweit, der langersehnte Fr\u00fchling ist da. Die Sonne lacht, man trifft sich auf den Stra\u00dfen und die Natur zeigt sich in ihren sch\u00f6nsten Farben. Doch leider hat auch der \u201eWinter\u201c seine Spuren hinterlassen. Jedes Jahr um diese Jahreszeit treffen sich zahlreiche gro\u00dfe und kleine Helfer der [&hellip;]<\/p>\n","protected":false},"author":2,"featured_media":0,"parent":11,"menu_order":0,"comment_status":"closed","ping_status":"closed","template":"","meta":{"footnotes":""},"class_list":["post-33","page","type-page","status-publish","hentry"],"_links":{"self":[{"href":"https:\/\/www.feuerwehren-gersfeld.de\/index.php?rest_route=\/wp\/v2\/pages\/33","targetHints":{"allow":["GET"]}}],"collection":[{"href":"https:\/\/www.feuerwehren-gersfeld.de\/index.php?rest_route=\/wp\/v2\/pages"}],"about":[{"href":"https:\/\/www.feuerwehren-gersfeld.de\/index.php?rest_route=\/wp\/v2\/types\/page"}],"author":[{"embeddable":true,"href":"https:\/\/www.feuerwehren-gersfeld.de\/index.php?rest_route=\/wp\/v2\/users\/2"}],"replies":[{"embeddable":true,"href":"https:\/\/www.feuerwehren-gersfeld.de\/index.php?rest_route=%2Fwp%2Fv2%2Fcomments&post=33"}],"version-history":[{"count":10,"href":"https:\/\/www.feuerwehren-gersfeld.de\/index.php?rest_route=\/wp\/v2\/pages\/33\/revisions"}],"predecessor-version":[{"id":662,"href":"https:\/\/www.feuerwehren-gersfeld.de\/index.php?rest_route=\/wp\/v2\/pages\/33\/revisions\/662"}],"up":[{"embeddable":true,"href":"https:\/\/www.feuerwehren-gersfeld.de\/index.php?rest_route=\/wp\/v2\/pages\/11"}],"wp:attachment":[{"href":"https:\/\/www.feuerwehren-gersfeld.de\/index.php?rest_route=%2Fwp%2Fv2%2Fmedia&parent=33"}],"curies":[{"name":"wp","href":"https:\/\/api.w.org\/{rel}","templated":true}]}}